Calculate l(h).
-13
Let x = 35 - 30. Let n(b) = b**3 - 4*b**2 - 5*b + 5. Let i be n(x). Let f(v) = v**3 - 5*v**2 + v + 3. What is f(i)?
8
Let z(p) = 2*p + 5. Let v(o) = 8*o**2 - 7*o**2 + 6*o + 0*o + 4. Let g(n) = -3*n + 3. Let f be g(2). Let i be v(f). What is z(i)?
-5
Let c(p) be the second derivative of -p**5/20 - p**4/4 - p**3/3 + 714*p. What is c(-2)?
0
Suppose -v - 27 + 31 = 0. Let o(b) be the third derivative of -1/60*b**5 + 0*b + 0*b**3 + 4*b**2 + 0 + 1/6*b**v. Calculate o(3).
3
Let d(g) = 14*g**3 - 7*g**2 - 24*g - 24. Let l(x) = 5*x**3 - 2*x**2 - 8*x - 8. Let q be (24/28)/1*-7. Let w(k) = q*d(k) + 17*l(k). Determine w(-7).
1
Let k(v) = 2*v**3 + 9*v**2 - 3*v + 5. Suppose 0 = 3*p + p + 5*u + 45, -3*p + 5*u = -10. What is k(p)?
-5
Let s(z) be the first derivative of -1 + 0*z - 1/2*z**2. Let j be (-150)/600 - (1 + (-6)/(-8)). What is s(j)?
2
Let f(b) be the first derivative of -b**3/3 + 2*b**2 - 2*b - 1. Let h = -5744 - -5749. What is f(h)?
-7
Let j(c) = 2*c**2 + 1. Let v(m) = 2*m - 3. Let w be v(2). Let f(u) = 5*u + 40. Let a be f(-9). Let n be 2/((a - -2) + w). What is j(n)?
3
Let w(z) = -4*z**2 - z + 7. Let d(y) = 5*y**2 - 6. Let o(p) = 3*d(p) + 4*w(p). Let t be o(-6). Let l(k) = -2*k**2 + k + 2. Calculate l(t).
-8
Let k(i) be the first derivative of -4*i**2 - 5*i + 224. Calculate k(-4).
27
Let k(i) = i**3 - 4*i**2 + 3*i + 4. Let j = 9 - -6. Suppose -2*h + 7*h = j. What is k(h)?
4
Let h(z) = 5*z + 6958 - 6958 + z**3 - 5*z**2. Let n be (0 + -1 + -1)*-2. Suppose -2*u + n = -u. What is h(u)?
4
Let x(f) = -4 + 3 + 2 - 7*f. Let q = 152 - 150. Let a be (2/(4/(-3)) + q)*-2. Give x(a).
8
Let x(g) be the first derivative of -1/2*g**2 - 1/3*g**3 - 3 + 3*g. Give x(-4).
-9
Let q(u) = -u**3 + 7*u**2 - u + 9. Let y be q(7). Let d(b) = -4*b**2 + 6*b + 2*b**2 - y + 3*b**2 + 9. What is d(-5)?
2
Let d(m) be the second derivative of m**8/6720 - m**7/630 - m**6/240 - m**5/30 + 5*m**4/3 + 4*m. Let t(u) be the third derivative of d(u). Calculate t(5).
6
Let f be (-2 - 15/(-6))/(22/132). Let i(r) = 2 + 6*r - r**2 + 1 + 1. Calculate i(f).
13
Let m(b) = b**3 + 11*b**2 - 2*b + 16. Let p(a) = a**2 + a + 2. Let q(f) = m(f) + 3*p(f). Calculate q(-14).
8
Let b(g) = -14*g**2 + 9*g + 39. Let n(r) = -5*r**2 + 3*r + 14. Let u(l) = 6*b(l) - 17*n(l). Give u(-3).
-4
Let t be 9*((-7)/3 + 4). Suppose -13*u - t = -8*u. Let v(a) = a**3 + 3*a**2 + 5*a + 2. What is v(u)?
-13
Let u(v) = -v**2 - 6*v + 3. Suppose 3*x = -4*y + 81, -78 = -3*x - y - 2*y. Suppose -22*l + x*l + 7 = 0. Give u(l).
-4
Let p(s) = -13*s**3 - 2*s**2 + s + 1. Let h be p(-1). Let l(d) = h*d**2 + d**3 - 5*d**2 - 4 - 3*d + d - 5*d. Determine l(-7).
-4
Let s(l) be the second derivative of l**5/20 + l**4/6 + l**3/2 + l**2 - l. Suppose -5*v - q = 8, -5*v - 45*q + 20 = -40*q. What is s(v)?
-16
Let x(l) = l**3 + 27*l**2 - l - 26. Let d be x(-27). Let o be (1 - 0) + (d - 8). Let z(g) = g + 11. What is z(o)?
5
Let k(v) = -2*v**2 - 7*v - 8. Suppose 13 = z + 16. Calculate k(z).
-5
Let d = -15 - -35. Let w = d - 11. Suppose -3*k - w = -3*o + 6, 2*k = -2. Let c(h) = -h**2 + 3*h + 4. Determine c(o).
0
Let u(p) = -238*p + 1 + 237*p - p**2 + 0 - 5*p**2 + p**2. Determine u(1).
-5
Let l(t) = -t**2 + 16*t + 15. Let z(o) = o + 1. Let m(h) = 2*l(h) - 26*z(h). Calculate m(3).
4
Let s(p) be the third derivative of -p**6/120 - p**5/10 + 5*p**4/24 - 2*p**3/3 - 3*p**2 + 21. Calculate s(-7).
10
Let z(k) = k**3 - k**2 + k + 4. Let n = -3 - -7. Suppose -7*b + 6*b = n*u, 0 = 5*b - 4*u. Determine z(b).
4
Let f(m) be the second derivative of -1/2*m**2 + 0 + 1/6*m**3 + 13*m. Give f(-7).
-8
Suppose -4*d + d = -4*s + 18, -s + 8 = d. Let f(m) = 2 - m - 7 + s*m - m**2. Let u(h) = -6*h + 251. Let v be u(41). Give f(v).
-5
Let o be 1 - (-1 + (1 - 2)). Let w = o + -2. Let c(x) = -x + 4. Let b(t) = 2*t - 6. Let s(h) = b(h) + c(h). Give s(w).
-1
Let k be ((-12)/18)/((-1)/(-3)). Let y be (-1 - 6/(-3))*2. Let p(c) = -2 + 1 - 2*c - y*c + 6*c. Give p(k).
-5
Suppose 34 = -3*b + 4. Let v(h) = -h**2 - 10*h - 10. What is v(b)?
-10
Let k = 217 - 229. Let n(q) = -q - 9. What is n(k)?
3
Let r = 131 - 127. Let h(i) = i**2 - 5*i + 3. Give h(r).
-1
Let b(p) be the second derivative of -p**7/2520 + p**6/720 - p**5/20 - 17*p**4/12 - 17*p. Let u(s) be the third derivative of b(s). Determine u(0).
-6
Let g = 52 + -47. Let c(q) = 5 - 3*q - 1 - 3 - 3. Determine c(g).
-17
Let k(z) = 2*z - 6. Let s(h) = -3*h**2 + h + 2. Let a be s(2). Calculate k(a).
-22
Let i = -3 + 2. Let z(r) be the second derivative of 7*r**3/3 - r**2/2 + 14*r - 39. Calculate z(i).
-15
Let z(p) = -4 - 9 + 2 - 26*p**2 + p + 10 + 0. Calculate z(1).
-26
Let m(a) = -a**2 - 2*a - 1. Suppose 0 = 18*l - 15*l. Let u(n) = n**3 - n**2 - n - 9. Let r be u(l). Let y be r/21 + 11/(-7). What is m(y)?
-1
Let p(s) = 7*s**2 + 10*s + 4. Let i(t) = 6*t**2 + 9*t + 4. Let x(z) = 5*i(z) - 4*p(z). Let k be x(-3). Let n(o) = o**2 - 5*o - 7. Give n(k).
7
Let v be ((-5)/10)/(1/12). Let f = v + 12. Let p be f + (-4)/4 - 1. Let j(r) = -r**3 + 2*r**2 + 6*r - 3. What is j(p)?
-11
Let h(s) = -s - 4. Let w be h(-5). Let x be -2 + 2*(w - 3). Let c be 5 + x/(4 + -1). Let b(k) = -k**3 + 2*k**2 + 3*k + 1. Calculate b(c).
1
Let y(w) = -w**3 + 10*w**2 - 7*w - 14. Let q be y(9). Suppose -b - 12 = b. Let v = q + b. Let t(s) = s**3 + 3*s**2 + 3*s + 2. Calculate t(v).
0
Suppose -158*z = -142*z - 80. Let i(q) = q**2 - 3*q + 5. Determine i(z).
15
Let z(w) be the first derivative of -w**3/3 + 3*w**2/2 + 7*w + 472. Give z(-6).
-47
Let g(t) be the third derivative of -t**8/20160 + t**7/720 - t**6/144 - t**5/15 + 11*t**2. Let s(p) be the third derivative of g(p). What is s(4)?
7
Let v(m) be the first derivative of -m**4/4 + 5*m**3/3 - m**2/2 + 4*m - 2. Let o(g) = -2*g. Let t be o(4). Let y = 13 + t. What is v(y)?
-1
Let r(y) be the third derivative of -y**4/8 + 2005*y**2. Suppose 20 = 7*n - 2*n. What is r(n)?
-12
Let v(h) = 28*h**2 - 2*h**2 - 2 + 3*h**3 - 9. Let p(o) = 486*o**2 - 477*o**2 + o**3 + 1 - 5. Let d(b) = -8*p(b) + 3*v(b). Give d(-6).
-1
Let b(r) = -r**2 - 4*r. Let m(x) = 18*x**2 + 0*x - 13*x + x + 32 - 24*x**2 + x**3. Let p be m(7). Give b(p).
3
Let v = 333 - 328. Let h(x) = x**3 - 6*x**2 + 2*x + 5. What is h(v)?
-10
Let x(f) = -f**2 - 3*f + 5. Suppose 236 = 8*j - 4. Let p = j - 36. What is x(p)?
-13
Suppose 0*j - 6 = -2*j. Let m(r) be the first derivative of 2*r - 37 - 1/3*r**3 + 0*r**2. What is m(j)?
-7
Let r(j) be the third derivative of -j**4/2 + 161*j**2. Give r(3).
-36
Let u(i) = 10*i**2 + 2*i - 1. Suppose -4*o = 82 + 10. Let r = -10 - o. Suppose 4*s = -4*l - 16, 5*l = -12 - r. Give u(s).
11
Let l(c) = 3*c + 8. Let y be 10 + 2*3/(-6). Suppose -f - y = -4*f. Suppose -2 = f*o + 16. Calculate l(o).
-10
Suppose f = 3 + 2. Let o = f - 31. Let v = -32 - o. Let r(j) = j**2 + 6*j + 2. Calculate r(v).
2
Let p(r) be the second derivative of r**5/20 - r**4/2 + r**3 - r**2 - 820*r. Give p(5).
3
Let g(z) = 26 - 4 - 9 - 5*z - 4. Give g(6).
-21
Let q be (-4)/(-30) - ((-1284)/(-180) - 12). Let w(t) = -t**3 + 4*t**2 - t + 9. Determine w(q).
-21
Let x = 419 + -418. Let p(i) = 0*i + 5*i + 3*i. Calculate p(x).
8
Let k(v) be the third derivative of v**8/20160 + v**7/1260 + v**6/240 + 29*v**5/60 - 36*v**2. Let t(q) be the third derivative of k(q). What is t(-5)?
8
Let l be ((-7)/(-14))/((-2)/(-4)). Let o(q) = 3*q - l + 0*q**2 - 2*q - q**3 + 6*q**2. Suppose 3*p = 5*f - 31 - 8, 5*p - 3 = -3*f. What is o(f)?
5
Let a(b) = 4*b**3 - b. Suppose -56 = 4*q - 2*t - 50, 0 = -3*q - 3*t. What is a(q)?
-3
Let j(n) = 66 + 0*n**3 + 10*n - 55 - 2*n**3 + 0*n**3 + 10*n**2 + 3*n**3. Let x(u) = -u**2 + 4*u + 3. Let o be x(-2). Determine j(o).
2
Let p(d) be the third derivative of d**5/60 + d**4/8 - d**3/2 - 39*d**2 + 3. Give p(2).
7
Let c(n) be the first derivative of n**7/840 - n**6/60 - n**5/40 + 7*n**4/24 + 11*n**3/3 - 32. Let i(f) be the third derivative of c(f). Give i(6).
-11
Let n(v) be the first derivative of 34*v**3/3 - v**2 + v - 443. Give n(1).
33
Let w(m) = -1. Let v(i) = i**2 - 5*i - 4. Let q(o) = v(o) - 6*w(o). Let r be 3*((-4)/(-12) - 2) - -8. Give q(r).
-4
Let a(t) = 13*t**3 - 7*t + 8. Let n(v) = -11*v**3 + 6*v - 8. Let r(c) = -6*a(c) - 7*n(c). Suppose 4*q - 4 = 2*q. Let f = -2 + q. Calculate r(f).
8
Let t(o) be the third derivative of -o**4/2 + o**3/6 - 